{"id":54,"date":"2019-06-11T17:19:21","date_gmt":"2019-06-11T15:19:21","guid":{"rendered":"http:\/\/ladroitenouvelle.fr\/?page_id=54"},"modified":"2024-04-18T11:29:44","modified_gmt":"2024-04-18T09:29:44","slug":"nous-aider","status":"publish","type":"page","link":"https:\/\/laveyronpourtous.fr\/index.php\/nous-aider\/","title":{"rendered":""},"content":{"rendered":"\n<hr class=\"wp-block-separator\"\/>\n\n\n\n<h2 class=\"wp-block-heading\" style=\"text-align:center\"><strong><span style=\"text-decoration: underline;\">Adh\u00e9rez \u00e0 l&#8217;Aveyron pour tous<\/span><\/strong><\/h2>\n\n\n\n<hr class=\"wp-block-separator\"\/>\n\n\n\n<figure class=\"wp-block-image\"><img loading=\"lazy\" decoding=\"async\" width=\"1024\" height=\"768\" src=\"http:\/\/ladroitenouvelle.fr\/wp-content\/uploads\/2019\/12\/IMG_0114-1024x768.jpg\" alt=\"\" class=\"wp-image-720\" srcset=\"https:\/\/laveyronpourtous.fr\/wp-content\/uploads\/2019\/12\/IMG_0114-1024x768.jpg 1024w, https:\/\/laveyronpourtous.fr\/wp-content\/uploads\/2019\/12\/IMG_0114-300x225.jpg 300w, https:\/\/laveyronpourtous.fr\/wp-content\/uploads\/2019\/12\/IMG_0114-768x576.jpg 768w\" sizes=\"(max-width: 1024px) 100vw, 1024px\" \/><\/figure>\n\n\n\n<hr class=\"wp-block-separator\"\/>\n\n\n\n<p style=\"text-align:center\">Vous pouvez adh\u00e9rer au mouvement l&#8217;Aveyron pour tous en t\u00e9l\u00e9chargeant le formulaire d&#8217;adh\u00e9sion ci dessous<\/p>\n\n\n\n<div class=\"wp-block-file aligncenter\"><a href=\"http:\/\/laveyronpourtous.fr\/wp-content\/uploads\/2024\/04\/Bulletin-dadh\u00e9sion-LAveyron-Pour-Tous.pdf\">Bulletin d&#8217;adh\u00e9sion-L&#8217;Aveyron Pour Tous<\/a><a href=\"http:\/\/laveyronpourtous.fr\/wp-content\/uploads\/2024\/04\/Bulletin-dadh\u00e9sion-LAveyron-Pour-Tous.pdf\" class=\"wp-block-file__button\" download>T\u00e9l\u00e9charger<\/a><\/div>\n\n\n\n<p><\/p>\n","protected":false},"excerpt":{"rendered":"<p>Adh\u00e9rez \u00e0 l&#8217;Aveyron pour tous Vous pouvez adh\u00e9rer au mouvement l&#8217;Aveyron pour tous en t\u00e9l\u00e9chargeant le formulaire d&#8217;adh\u00e9sion ci dessous<\/p>\n","protected":false},"author":1,"featured_media":0,"parent":0,"menu_order":0,"comment_status":"closed","ping_status":"closed","template":"","meta":{"footnotes":""},"_links":{"self":[{"href":"https:\/\/laveyronpourtous.fr\/index.php\/wp-json\/wp\/v2\/pages\/54"}],"collection":[{"href":"https:\/\/laveyronpourtous.fr\/index.php\/wp-json\/wp\/v2\/pages"}],"about":[{"href":"https:\/\/laveyronpourtous.fr\/index.php\/wp-json\/wp\/v2\/types\/page"}],"author":[{"embeddable":true,"href":"https:\/\/laveyronpourtous.fr\/index.php\/wp-json\/wp\/v2\/users\/1"}],"replies":[{"embeddable":true,"href":"https:\/\/laveyronpourtous.fr\/index.php\/wp-json\/wp\/v2\/comments?post=54"}],"version-history":[{"count":14,"href":"https:\/\/laveyronpourtous.fr\/index.php\/wp-json\/wp\/v2\/pages\/54\/revisions"}],"predecessor-version":[{"id":891,"href":"https:\/\/laveyronpourtous.fr\/index.php\/wp-json\/wp\/v2\/pages\/54\/revisions\/891"}],"wp:attachment":[{"href":"https:\/\/laveyronpourtous.fr\/index.php\/wp-json\/wp\/v2\/media?parent=54"}],"curies":[{"name":"wp","href":"https:\/\/api.w.org\/{rel}","templated":true}]}}